23).
-1
Let l(h) = -4*h - 70. Give l(-18).
2
Let s(j) = 4*j + 10. What is s(-6)?
-14
Let g(i) = -2*i - 29. Determine g(3).
-35
Let k(n) = 3*n**3 - 3*n - 2. Calculate k(-1).
-2
Let m(f) = -f**3 + 7*f**2 - 7*f. Give m(6).
-6
Let b(g) = -g + 11. Determine b(0).
11
Let c(q) = -q**3 - 2*q**2 - 4*q + 2. Calculate c(-5).
97
Let i(s) = 2*s + 21. What is i(0)?
21
Let h(a) = 4*a**2 - 2*a. What is h(-3)?
42
Let s(d) = -d**3 + 11*d**2 - 9*d - 2. What is s(10)?
8
Let z(l) = 4*l**2 - 6*l - 6. What is z(-1)?
4
Let s(r) = -r**2 - 12*r + 29. What is s(-14)?
1
Let m(u) = u + 17. Calculate m(-13).
4
Let f(c) = 2*c**2 - 22*c - 13. Calculate f(11).
-13
Let d(c) = -c**2 + 4*c. What is d(8)?
-32
Let n(l) = -l**3 - 39*l**2 - 38*l - 3. Calculate n(-38).
-3
Let b(j) = 52*j - 9. Calculate b(-2).
-113
Let u(f) = f**3 - 7*f**2 + 20*f - 38. Give u(4).
-6
Let q(u) = -u**3 - 5*u**2 - u - 6. Calculate q(-5).
-1
Let y(k) = 16*k - 26. What is y(3)?
22
Let m(d) = d + 3. Give m(-9).
-6
Let l(w) = w**3 + 16*w**2 + w - 21. Give l(-16).
-37
Let h(t) = t - 9. Give h(18).
9
Let f(a) = -a**3 + 4*a**2 + 59*a - 279. Determine f(6).
3
Let m(k) = k**3 - 10*k**2 + 4*k + 19. Give m(9).
-26
Let v(l) = 11*l - 3. What is v(2)?
19
Let z(v) = -10*v - 148. Give z(-15).
2
Let v(i) = i**3 + 3*i**2 - i - 3. What is v(-3)?
0
Let l(w) = 4*w - 6. Determine l(4).
10
Let m(l) = -2*l - 12. What is m(-8)?
4
Let i(y) = -y**2 + 6*y - 7. Determine i(5).
-2
Let m(f) = -10*f - 33. Give m(-14).
107
Let d(o) = -o**2 + 9*o + 18. Calculate d(8).
26
Let w(t) = t**3 + 15*t**2 + 25*t - 13. Give w(-13).
0
Let d(j) = 8*j - 1. Determine d(-6).
-49
Let p(f) = 77*f - 6. What is p(-1)?
-83
Let u(f) = f - 19. Give u(10).
-9
Let g(z) = z**2 + 9*z + 8. Calculate g(-15).
98
Let r(s) = s**3 + 11*s**2 - 9*s - 17. Give r(-10).
173
Let b(y) = -13*y - 153. Calculate b(-13).
16
Let n(d) = -2*d**3 - 16*d**2 + 19*d + 21. Determine n(-9).
12
Let f(n) = 8*n - 2. What is f(-5)?
-42
Let d(o) = -o**2 - 7*o + 10. What is d(-7)?
10
Let o(z) = -6*z**3 + 2*z - 3. Give o(1).
-7
Let j(b) = -5*b - 38. Determine j(-9).
7
Let m(j) = j**3 + 8*j**2 - 3*j - 24. Determine m(-8).
0
Let m(s) = -s**3 - 6*s**2 - 4*s. Give m(-4).
-16
Let r(p) = -p**2 + 82. Calculate r(0).
82
Let p(g) = 45*g + 3. Calculate p(1).
48
Let n(p) = 2*p + 75. What is n(-39)?
-3
Let q(v) = -v**3 + 1. Calculate q(3).
-26
Let z(o) = o**3 + 15*o**2 + 17*o + 34. Calculate z(-14).
-8
Let r(n) = -5*n + 9. Calculate r(6).
-21
Let m(o) = -o**3 - 4*o**2 - o + 1. Give m(-4).
5
Let z(a) = a**3 + 6*a**2 - 18*a - 3. Determine z(-8).
13
Let b(s) = -49*s + 144. Calculate b(3).
-3
Let t(k) = 2*k**2 - 2*k - 6. What is t(-4)?
34
Let w(k) = -3*k**3 - 46*k**2 - 12*k + 38. Give w(-15).
-7
Let z(p) = 2*p - 86. What is z(23)?
-40
Let q(u) = -u**2 + 4*u + 63. Give q(10).
3
Let i(n) = -n**3 + 8*n**2 + 85*n - 22. Calculate i(14).
-8
Let b(k) = k**2 - 33*k + 186. Give b(7).
4
Let s(y) = -y**2 - 36*y - 19. Calculate s(-37).
-56
Let f(q) = q**3 - 4*q**2 + 2*q - 3. What is f(4)?
5
Let o(i) = -i**3 - 15*i**2 - 17*i - 27. Give o(-14).
15
Let z(p) = -p + 7. What is z(-5)?
12
Let r(s) = s**3 - 10*s**2 - 23*s - 16. What is r(12)?
-4
Let t(s) = -3*s**2 + s + 1. Determine t(-1).
-3
Let s(a) = -a**2 - 17*a - 48. Calculate s(-14).
-6
Let l(o) = -o - 20. Give l(-9).
-11
Let k(t) = 14*t + 30. Calculate k(0).
30
Let k(s) = -3*s**3 - 4*s**2 + s + 10. Calculate k(-2).
16
Let z(w) = 10*w**2 + 2*w - 1. Determine z(1).
11
Let j(x) = x**2 - 9*x + 3. Calculate j(9).
3
Let x(g) = g**3 - 5*g**2 + 11. Give x(4).
-5
Let l(b) = b**2 + 19*b + 9. What is l(-19)?
9
Let l(m) = -m**2 + 60*m + 699. Calculate l(70).
-1
Let z(u) = -u**3 - 19*u**2 - 5*u - 91. Calculate z(-19).
4
Let h(s) = -7*s - 13. Calculate h(-4).
15
Let x(f) = -6*f**3 - f**2 + 3*f + 4. Calculate x(-1).
6
Let r(g) = -4*g - 24. Calculate r(-7).
4
Let n(b) = -14*b + 138. Calculate n(9).
12
Let q(i) = -2*i**2 + 32*i + 154. Calculate q(20).
-6
Let p(n) = n**2 - 3*n - 20. Determine p(-3).
-2
Let j(s) = -8*s**3 + 29*s**2 + 10*s + 1. What is j(4)?
-7
Let l(h) = 36*h + 487. Give l(-14).
-17
Let u(h) = h**2 - 6*h + 1. Calculate u(4).
-7
Let t(k) = -k**3 + 4*k**2 + k + 7. Give t(5).
-13
Let w(u) = -19*u - 239. What is w(-13)?
8
Let n(z) = z**3 + 10*z**2 + 2*z - 11. Give n(-10).
-31
Let g(r) = -r**3 - 3*r**2 + 12*r + 10. Give g(3).
-8
Let u(c) = c**3 + 19*c**2 - 13. What is u(-19)?
-13
Let o(y) = y**2 + 3*y + 23. Give o(-8).
63
Let y(a) = 10*a + 40. What is y(-5)?
-10
Let a(j) = 15*j - 59. What is a(0)?
-59
Let y(p) = p**3 - 11*p**2 - 21*p - 67. What is y(13)?
-2
Let f(t) = -t**2 - 6*t + 5. Calculate f(4).
-35
Let l(a) = -a**3 + 14*a**2 + 14*a + 20. What is l(15)?
5
Let t(p) = 2*p + 17. Give t(-11).
-5
Let a(b) = -b**2 - 4*b + 4. Determine a(-3).
7
Let h(d) = d**2 + 10*d - 50. What is h(4)?
6
Let p(r) = r**2 + 7*r - 18. Determine p(-10).
12
Let b(a) = 10*a + 1. Give b(4).
41
Let t(k) = -19*k + 300. Determine t(16).
-4
Let x(g) = g**2 - 6*g - 5. Determine x(0).
-5
Let w(y) = -y**3 + 6*y**2 + 15*y - 14. Determine w(8).
-22
Let d(a) = 15*a + 7. Give d(-6).
-83
Let s(u) = -3*u + 60. What is s(16)?
12
Let z(k) = -2*k**3 + 4*k**2 + 9*k + 6. Give z(-1).
3
Let t(v) = v**2 - 11*v + 22. Give t(6).
-8
Let i(p) = -3*p - 23. Calculate i(24).
-95
Let s(b) = 5*b**2 + 88*b - 44. Determine s(-18).
-8
Let d(r) = -r**2 + 16*r - 15. What is d(13)?
24
Let i(y) = 3*y - 16. Determine i(-7).
-37
Let o(v) = v**3 + 5*v**2 - 3*v - 9. Determine o(-6).
-27
Let b(k) = -4*k + 4. Give b(3).
-8
Let f(v) = 9*v + 83. Calculate f(-7).
20
Let o(p) = 3*p - 8. Determine o(6).
10
Let s(r) = 15*r - 8. Determine s(4).
52
Let l(v) = v**3 + 7*v**2 - 9*v - 3. What is l(-8)?
5
Let b(f) = 14*f + 10. What is b(7)?
108
Let l(t) = 2*t**2 - 22*t + 28. Determine l(9).
-8
Let j(m) = m**2 + 12*m + 23. Calculate j(-9).
-4
Let y(j) = -j**2 - 9*j + 47. Determine y(7).
-65
Let k(q) = q**2 - 14*q - 45. Give k(17).
6
Let o(h) = 24*h - 171. What is o(9)?
45
Let b(m) = m**3 - 4*m + 2. What is b(3)?
17
Let b(k) = -k**3 - 10*k**2 + 18*k - 11. Give b(-11).
-88
Let i(u) = -43*u**3 + u + 2. Determine i(-1).
44
Let j(i) = -2*i**2 - 13*i + 1. Give j(-6).
7
Let j(l) = -l**3 - 36*l**2 - 35*l - 6. Calculate j(-35).
-6
Let c(s) = s**3 - 6*s**2 - 8*s + 13. Calculate c(6).
-35
Let p(x) = -10*x + 109. Give p(12).
-11
Let l(b) = -b**2 + 3*b - 7. What is l(9)?
-61
Let a(o) = o**2 - 2*o - 24. Calculate a(-6).
24
Let l(t) = 13*t. What is l(2)?
26
Let k(j) = 3*j - 13. Calculate k(6).
5
Let p(b) = -3*b**2 + 6*b + 1. Determine p(3).
-8
Let u(f) = -f**3 + 10*f**2 - 9*f + 12. Determine u(9).
12
Let z(i) = -i**3 - 2*i + 2. Calculate z(3).
-31
Let t(a) = 4*a + 93. Calculate t(-23).
1
Let y(p) = p**3 - 30*p**2 + 56*p - 17. Calculate y(28).
-17
Let v(h) = 4*h - 4. Give v(-9).
-40
Let n(m) = -m**2 - 20*m - 41. Give n(-18).
-5
Let p(h) = -55*h + 173. Calculate p(3).
8
Let w(r) = 12*r - 8. What is w(3)?
28
Let f(k) = k**3 - 8*k**2 - 8*k - 8. Give f(9).
1
Let f(j) = -3*j**3 - j**2 + 5*j - 5. Calculate f(2).
-23
Let a(d) = d**3 + 4*d + 1. Determine a(-4).
-79
Let v(z) = -2*z**2 - 17*z + 39. What is v(-14)?
-115
Let a(p) = 7*p**3 + 1. Determine a(-1).
-6
Let v(d) = -3*d**3 + 10*d**2 + d - 10. Give v(3).
2
Let b(g) = g**2 - 28*g + 153. Give b(8).
-7
Let g(d) = d + 1. What is g(-8)?
-7
Let h(g) = -g**2 - 15*g - 29. Determine h(-14).
-15
Let i(s) = -s**2 + 5*s - 5. Give i(3).
1
Let q(t) = -t**3 - 18*t**2 - 14*t + 23. Calculate q(-17).
-28
Let u(h) = -h**2 + 32*h + 141. What is u(36)?
-3
Let b(h) = -h**3 + 5*h**2 + 5*h - 13. Give b(6).
-19
Let d(n) = -n**2 + 4*n - 11. Calculate d(7).
-32
Let y(a) = a**3 - 16*a**2 - 20*a + 311. Give y(16).
-9
Let y(v) = 7*v + 217. Calculate y(-32).
-7
Let o(i) = -i**2 + 5*i - 14. Give o(10).
-64
Let z(r) = 34*r - 106. Determine z(3).
-4
Let r(t) = t**3 + 2*t**2 + 3*t + 7. Give r(-2).
1
Let j(l) = -6*l + 33. Calculate j(5).
3
Let i(u) = -5*u - 41. Determine i(-4).
-21
Let z(l) = l**3 + 21*l**2 + 25*l + 11. Give z(-20).
-89
Let s(p) = -p**3 - 7*p**2 - p + 1. Calculate s(-5).
-44
Let j(l) = 28*l**3 + 2*l**2 - 1. What is j(1)?
29
Let c(l) = -3*l + 14. What is c(4)?
2
Let k(u) = -6*u + 190. Calculate k(36).
-26
Let u(b) = -4*b + 13. Give u(4).
-3
Let b(x) = -x**2 - 11*x - 31. Determine b(-7).
-3
Let c(r) = -r**3 + 34*r - 17. Determine c(-6).
-5
Let g(z